u(1)?
-18
Let a(d) = d**2 - 25*d - 188. Suppose -31*n + 1646 = 1832. Calculate a(n).
-2
Let q(v) = -9*v**3 - 9*v**2 + 3*v - 4. Suppose -116 = -15*a - 14*a. Let c(p) = 11*p**3 + 9*p**2 - 4*p + 4. Let b(g) = a*c(g) + 5*q(g). Give b(-9).
5
Let v(z) = -z**2 - 4*z - 4. Let h(f) = 2*f**3 + 31*f**2 + 16*f + 19. Let u be h(-15). Suppose u*g + 3*d + 19 = 4*d, 2*g + 5*d = -15. Calculate v(g).
-9
Let h(w) = 50*w - 116*w - 26*w**2 - 47 + 35*w + 61*w + 25*w**2. Calculate h(28).
9
Let p(s) = -s**2 + 12. Let k be p(3). Let i(t) = -17 + 11*t**2 + 2*t**k - 5*t - 3*t**3 - 4*t - 4 + 10. Calculate i(10).
-1
Let j(t) = -t - 11. Let p be j(-7). Let h(o) = o**2 + 27*o + 10. Let q be h(-27). Let z(x) = -6*x - 4*x**3 + q*x**3 - 6*x**2 + 9*x**3 - 16*x**3. What is z(p)?
-8
Let j be (22/(-3))/((-58534)/8358 + 7). Let y(v) = j + 0*v + v**2 - 2186 - 7*v. Give y(6).
-3
Let v(n) = n**2 + 6*n + 2. Let m = -49 + -77. Let h be (-21)/(-35) - (-5)/((-75)/m). Let o be h*(3 + 28/(-6) + 1). What is v(o)?
2
Let l(s) be the second derivative of -s**5/20 + 7*s**4/4 - 6*s**3 - 19*s**2 - 9*s + 181. Give l(19).
0
Let q(z) = -2*z + 3. Suppose -13 = 4*p - 13. Suppose p = -4*b, -7*u + 10*u = -2*b - 312. Let l = u + 111. Give q(l).
-11
Suppose 3*v = v - 3*k - 9, 5*k = -4*v - 23. Let f(i) be the second derivative of i**5/20 + 13*i**4/12 + 13*i**3/6 + 3*i**2/2 + i - 6. Calculate f(v).
-9
Let j(w) = -w**3 + 24*w**2 + 24*w - 25. Let z(n) = 2*n**3 - 50*n**2 - 55*n + 51. Let u(l) = -13*j(l) - 6*z(l). Calculate u(10).
-1
Let n(l) be the first derivative of -1/2*l**2 - 10*l + 4 + 8/3*l**3 + 1/4*l**4. Calculate n(-8).
-2
Let p(u) = -u + 3. Let t be p(4). Let n(d) be the first derivative of -d**4/4 + d**2/2 + d - 1470. Give n(t).
1
Let a(f) = f**2 + 5*f + 6. Let p(w) = 5*w**2 + 24*w + 37. Let m(c) = -11*a(c) + 2*p(c). What is m(-4)?
20
Let x(a) be the second derivative of -11*a**3/6 + 4*a**2 - 2*a + 27. Let k(g) = -23*g + 17. Let h(z) = 6*k(z) - 13*x(z). Calculate h(6).
28
Let j(o) = -41*o - 6. Let u be j(1). Let i = 11 + 34. Let s = i + u. Let c(a) = -2*a - 2. What is c(s)?
2
Let d(w) = -3*w**2 - w - 1. Let m(g) = -41*g - 1063. Let k be m(-26). Determine d(k).
-31
Let l(s) = -s**3 - 19*s**2 + 19*s + 28. Let f(h) = -3*h**2 - 18*h - 44. Let p be f(-4). Calculate l(p).
48
Let a(f) = -22*f + 263. Suppose -233 = -65*o + 807 - 260. What is a(o)?
-1
Let n(c) = 2*c + 1. Let v(q) be the third derivative of -1/24*q**4 + 1/120*q**6 + 10/3*q**3 - 4*q**2 + 0 + 0*q - 3/10*q**5. Let x be v(18). Calculate n(x).
5
Let h(o) = -15*o + 8. Let c be 4/(-46) - ((-73)/657 + 409/(-207)). Calculate h(c).
-22
Let g(n) be the second derivative of -n**3/3 - 13*n**2/2 + 956*n. Give g(1).
-15
Let j(z) = -z**2 + 2*z + 1. Let m(i) = -7*i**3 + i**2 + 4*i + 4. Let s be m(-2). Suppose 9*d + s = 164. Let b = d - 8. Give j(b).
-7
Let y(k) = k**3 + 6*k**2 - 6*k - 3. Let u(t) = t - 28. Suppose -2*j + j + 9 = 3*h, -2*h = -2*j + 50. Let g be u(j). Give y(g).
-10
Let z = 17 + -12. Let a(b) be the third derivative of -2*b**2 + 7/24*b**4 - 1/30*b**5 + 0 + 1/3*b**3 + 0*b. Calculate a(z).
-13
Suppose 174*p + 21 = 171*p. Let b(a) be the second derivative of -a**3/6 - 3*a**2 + 3*a + 4. Calculate b(p).
1
Suppose -2*a - 2*o + 16 = 0, 0*a = -a - 4*o + 14. Let m(n) = 2*n**2 - 7*n - 3. Determine m(a).
27
Let p(s) = -5*s**3 + s**2 - 44*s + 1. Let l(f) = -3*f**3 - 25*f + 1. Let g(q) = -7*l(q) + 4*p(q). Let w = 7 + -3. Suppose 0 = -w*c + 2*c - 8. What is g(c)?
1
Let k(i) = i**2 + 6*i + 7. Let x(c) = -10*c + 19*c - 13*c + 7 + 4*c**2. Let a be x(3). Let r = a + -36. Determine k(r).
2
Let r(g) = -g**2 - 19*g - 91. Let h be -2 + (6 + -14)*(2 - 3 - -2). Calculate r(h).
-1
Let y(j) = -j**3 - 9*j**2 + 7*j - 29. Suppose 152*x - 135*x = -170. Determine y(x).
1
Let r(b) = 2*b**2 + 142*b + 15. Let t(h) = -9*h**2 - 677*h - 74. Let z(g) = -14*r(g) - 3*t(g). Give z(43).
12
Let t(h) = -1479*h + 736*h + 708*h - 2. Give t(-1).
33
Let l(z) = -2*z**3 - 3*z**2 - z + 162. Let r be l(0). Suppose 155*a - 42 = r*a. Let s(j) = -1 - 5*j**2 - 3*j - j**3 - 3*j**2 - 5*j - 2. What is s(a)?
-27
Suppose 0 = -2*p - m - 133, -3*m + 84 = p - 2*p. Let d = -71 - p. Let n(f) = f + 2. Let o(u) = -1. Let g(k) = d*n(k) - 7*o(k). What is g(5)?
-7
Suppose 145*s - 6*s + 2184 = -29*s. Let o(q) be the first derivative of -q**3/3 - 15*q**2/2 - 19*q + 1. Give o(s).
7
Let f(j) = -j**3 + 5*j**2 - 5. Let c(k) = -k**3 + 9*k**2 - 8*k + 9. Let a(y) = -5*y - 7. Let s be a(-3). Let v be c(s). Suppose 4*w - v = 11. Calculate f(w).
-5
Let j be ((-32)/(-20))/((-56)/(-70)). Let q(a) = a**2 + 6*a + 9. Let y be q(-6). Let s(x) = 0 + 7*x - 3 - 2*x**j + 2*x**3 - y*x - x**3. Give s(3).
0
Let p(y) = 58*y**3 + 28*y**2 + 6*y + 121. Let o(x) = 28*x**3 + 13*x**2 + 3*x + 56. Let u(f) = 13*o(f) - 6*p(f). Give u(-2).
-128
Let z(n) = n - 3827*n**2 - 3 + 3819*n**2 + 4. Calculate z(-1).
-8
Let n be (-6 - -12)/(3/1). Let v(x) = -3 - n*x - x + 0*x + 0*x - x. What is v(-5)?
17
Let o(v) be the first derivative of -v**3/3 + 3*v**2/2 + 27*v + 2201. Give o(-4).
-1
Let j(x) = 256*x + 4602. Let o be j(-18). Let v(d) = -7*d**3 - 11*d**2 + 12*d + 5. Let f(y) = y**3 + y**2 - y - 1. Let c(l) = -6*f(l) - v(l). What is c(o)?
1
Let m(u) = -3*u + 1. Let i be m(0). Let s(y) = -y + 1. Let n(c) = -6*c - 4. Let b(a) = i*n(a) - 3*s(a). What is b(-5)?
8
Let z(s) = s**2 - 30*s + 184. Let b be z(21). Let f(m) = m + 1. Let n(p) = p**2 + 9*p + 1. Let j = -4 - 1. Let o(g) = j*f(g) + n(g). Give o(b).
1
Let o(d) = 1367 - 159 - 6*d + d**3 + 17*d**2 - 1195. Determine o(-18).
-203
Let i(s) = s**2 + 105*s + 2568. Let y be i(-66). Let p(f) = -f**3 - 2*f**2 + 21*f + 1. Give p(y).
19
Let m(p) = 8*p**3 - 32*p**2 - 13. Let a be m(4). Let s(d) = d**2 + 13*d - 13. Calculate s(a).
-13
Let f(d) = -d**2 - 22*d - 92. Suppose -2*l - 4*p - 32 = 0, 4*l = 2*p - 93 + 19. Calculate f(l).
-20
Let h(d) = 24*d. Let y = -2416 - -2417. Calculate h(y).
24
Let v(h) be the first derivative of -h**5/60 + 3*h**4/8 - 5*h**3/6 - 81*h**2 + 138. Let n(m) be the second derivative of v(m). Determine n(6).
13
Let m = 133 + -128. Let r(h) be the first derivative of -3*h**2 - 4*h + 40. What is r(m)?
-34
Suppose 30 = 4*t - 10. Let v(i) = 3 - 21*i + 13*i + 3 + t*i - i**2. Determine v(6).
-18
Suppose -8 = -2*z + 3*t, 13 = 5*t - 7. Let g(r) = 10 + 84*r**2 + 9*r - 14 - 85*r**2 + 5. Determine g(z).
-9
Let t be -2*(14/4)/(-7). Suppose -y = 3*z - 5, z - 3*y = -t + 6. Let x(c) = -z*c + 3 + 2*c - 1 - c. Calculate x(-3).
5
Let p(t) = -23*t + 133. Let v be ((-540)/(-210))/((-9)/(-21)). What is p(v)?
-5
Let h(w) = -35*w - 248. Let m be h(-7). Let p(g) = -986*g + 491*g + 496*g - 3. Give p(m).
-6
Let h(r) be the third derivative of 17*r**5/60 + r**4/12 + 16*r**2. Let o be h(4). Let l(z) = -280*z + z**2 + o*z - 2. What is l(0)?
-2
Let s(n) = 11*n + 25. Suppose 0 = -42*k - 48*k + 3*k - 870. Calculate s(k).
-85
Suppose -3 = -2*z - 3*b, b + 2*b = -3*z + 3. Suppose z = h - 5*h + 8. Let q(d) = -d**3 + 2*d**2 - d. Determine q(h).
-2
Let f be (-1 + (-28)/(-16))/((-1)/(-4)). Let p(z) = -28*z**3 + 0*z - 5*z**2 + 55*z**3 + 5 - 26*z**f - 7*z. What is p(6)?
-1
Let v(s) = -3*s - 13. Let y = -731 + 437. Let l = -299 - y. Calculate v(l).
2
Let y(s) = s**3 + 9*s**2 - 14*s - 6. Let w = -1116 + 621. Let l = w + 485. What is y(l)?
34
Let m(k) be the first derivative of 2/3*k**3 + 3*k - 3/2*k**2 + 97 - 1/4*k**4. Calculate m(2).
-3
Let s(v) = -15*v**3 - 38*v**2 + 41*v + 98. Let a(i) = 98*i**3 + 226*i**2 - 247*i - 588. Let w(j) = 2*a(j) + 13*s(j). Calculate w(41).
16
Suppose 85*p + 45 = 517 + 123. Let v(h) = h - 22. Calculate v(p).
-15
Let g(d) = -d**2 - 168*d + 507. Let o be g(3). Let w(x) = -15*x - 96. Determine w(o).
-6
Let c(m) = -11*m**2 + 10*m - 11. Let p(k) = 35*k**2 - 31*k + 36. Let g(t) = -19*c(t) - 6*p(t). Give g(0).
-7
Let t(r) = -64*r**2 - 8*r - 59*r**2 - 58*r**2 + 4 - 58*r**2 + 240*r**2 - r**3. Let k(i) = i**3 + 9*i - 4. Let y(x) = 6*k(x) + 7*t(x). Determine y(7).
-10
Let p(o) be the first derivative of 11*o**2/2 - 257*o + 1915. What is p(23)?
-4
Let u = 5129 + -5129. Let m(c) = -c**2 + c - 4. Calculate m(u).
-4
Let c(q) = 18*q**2 + 3*q**2 - 2*q**2 + 2*q + 5*q**2 - 5*q**2 + 3. Determine c(-1).
20
Let b(g) = 29 + 34*g - 1377*g**3 - 2 - g**2 + 1376*g**3. What is b(-6)?
3
Let l(m) be the second derivative of -m**4/12 - 7*m